{"id":170,"date":"2023-05-06T10:47:20","date_gmt":"2023-05-06T08:47:20","guid":{"rendered":"https:\/\/atonball.org\/?page_id=170"},"modified":"2023-05-13T14:08:53","modified_gmt":"2023-05-13T12:08:53","slug":"definition-synonyme-de-atonball","status":"publish","type":"page","link":"https:\/\/atonball.org\/index.php\/a-la-decouverte-de-latonball\/definition-synonyme-de-atonball\/","title":{"rendered":"Definition, synonyme de atonball"},"content":{"rendered":"\t\t<div data-elementor-type=\"wp-page\" data-elementor-id=\"170\" class=\"elementor elementor-170\">\n\t\t\t\t\t\t<section class=\"elementor-section elementor-top-section elementor-element elementor-element-6236db7e elementor-section-boxed elementor-section-height-default elementor-section-height-default\" data-id=\"6236db7e\" data-element_type=\"section\" data-e-type=\"section\">\n\t\t\t\t\t\t<div class=\"elementor-container elementor-column-gap-default\">\n\t\t\t\t\t<div class=\"elementor-column elementor-col-100 elementor-top-column elementor-element elementor-element-1dd32af5\" data-id=\"1dd32af5\" data-element_type=\"column\" data-e-type=\"column\">\n\t\t\t<div class=\"elementor-widget-wrap elementor-element-populated\">\n\t\t\t\t\t\t<div class=\"elementor-element elementor-element-6730e269 elementor-widget__width-inherit elementor-widget elementor-widget-text-editor\" data-id=\"6730e269\" data-element_type=\"widget\" data-e-type=\"widget\" data-widget_type=\"text-editor.default\">\n\t\t\t\t<div class=\"elementor-widget-container\">\n\t\t\t\t\t\t\t\t\t<p>\nAtonball, Threeball en anglais, d\u00e9signe le sport de balles de plusieurs principaux \u00e9l\u00e9ments du jeu qui se distinguent en trois fois, principalement les trois ballons de jeu.\n<\/p>\n\nLe jeu Atonball signifie litt\u00e9ralement en fongb\u00e9 \u00ab trois ballon \u00bb. Ballon n\u2019est pas accord\u00e9 parce qu\u2019il repr\u00e9sente le &#8220;sport&#8221; alors que &#8220;trois&#8221; en est la principale caract\u00e9ristique. \n<\/p>\nThreeball, de l\u2019anglais, est l\u2019une de ses d\u00e9nominations.\n<\/p>\n\nAinsi, atonball est-il le sport de balles ou plusieurs principaux \u00e9l\u00e9ments du jeu se distinguent en trois fois : trois ballons, trois couleurs diff\u00e9rentes de ballon, trois aires de jeu, trois grandes zones sur l\u2019aire principale de jeu, trois niveaux dans un camp d\u2019objectif, trois entr\u00e9es dans un filet tricolore, trois couleurs pour un filet tricolore, trois temps de jeu, trois cat\u00e9gories de joueurs dans une \u00e9quipe, trois points d\u2019ex\u00e9cution des p\u00e9nalit\u00e9s de tirs, trois points ajout\u00e9s ou retir\u00e9s pour les p\u00e9nalit\u00e9s de points.\t\t\t\t\t\t\t\t<\/div>\n\t\t\t\t<\/div>\n\t\t\t\t\t<\/div>\n\t\t<\/div>\n\t\t\t\t\t<\/div>\n\t\t<\/section>\n\t\t\t\t<\/div>\n\t\t","protected":false},"excerpt":{"rendered":"<p>Atonball, Threeball en anglais, d\u00e9signe le sport de balles de plusieurs principaux \u00e9l\u00e9ments du jeu qui se distinguent en trois [&hellip;]<\/p>\n","protected":false},"author":1,"featured_media":21,"parent":27,"menu_order":1,"comment_status":"closed","ping_status":"closed","template":"","meta":{"_uag_custom_page_level_css":"","footnotes":""},"class_list":["post-170","page","type-page","status-publish","has-post-thumbnail","hentry"],"yoast_head":"<!-- This site is optimized with the Yoast SEO plugin v27.0 - https:\/\/yoast.com\/product\/yoast-seo-wordpress\/ -->\n<title>Definition, synonyme de atonball - atonball.org<\/title>\n<meta name=\"robots\" content=\"index, follow, max-snippet:-1, max-image-preview:large, max-video-preview:-1\" \/>\n<link rel=\"canonical\" href=\"https:\/\/atonball.org\/index.php\/a-la-decouverte-de-latonball\/definition-synonyme-de-atonball\/\" \/>\n<meta property=\"og:locale\" content=\"en_US\" \/>\n<meta property=\"og:type\" content=\"article\" \/>\n<meta property=\"og:title\" content=\"Definition, synonyme de atonball - atonball.org\" \/>\n<meta property=\"og:description\" content=\"Atonball, Threeball en anglais, d\u00e9signe le sport de balles de plusieurs principaux \u00e9l\u00e9ments du jeu qui se distinguent en trois [&hellip;]\" \/>\n<meta property=\"og:url\" content=\"https:\/\/atonball.org\/index.php\/a-la-decouverte-de-latonball\/definition-synonyme-de-atonball\/\" \/>\n<meta property=\"og:site_name\" content=\"atonball.org\" \/>\n<meta property=\"article:publisher\" content=\"https:\/\/www.facebook.com\/profile.php?id=100063710065600\" \/>\n<meta property=\"article:modified_time\" content=\"2023-05-13T12:08:53+00:00\" \/>\n<meta property=\"og:image\" content=\"https:\/\/atonball.org\/wp-content\/uploads\/2023\/04\/cropped-TerrainLogo-e1683541454258.png\" \/>\n\t<meta property=\"og:image:width\" content=\"200\" \/>\n\t<meta property=\"og:image:height\" content=\"81\" \/>\n\t<meta property=\"og:image:type\" content=\"image\/png\" \/>\n<meta name=\"twitter:card\" content=\"summary_large_image\" \/>\n<meta name=\"twitter:label1\" content=\"Est. reading time\" \/>\n\t<meta name=\"twitter:data1\" content=\"1 minute\" \/>\n<script type=\"application\/ld+json\" class=\"yoast-schema-graph\">{\"@context\":\"https:\/\/schema.org\",\"@graph\":[{\"@type\":\"WebPage\",\"@id\":\"https:\/\/atonball.org\/index.php\/a-la-decouverte-de-latonball\/definition-synonyme-de-atonball\/\",\"url\":\"https:\/\/atonball.org\/index.php\/a-la-decouverte-de-latonball\/definition-synonyme-de-atonball\/\",\"name\":\"Definition, synonyme de atonball - atonball.org\",\"isPartOf\":{\"@id\":\"https:\/\/atonball.org\/#website\"},\"primaryImageOfPage\":{\"@id\":\"https:\/\/atonball.org\/index.php\/a-la-decouverte-de-latonball\/definition-synonyme-de-atonball\/#primaryimage\"},\"image\":{\"@id\":\"https:\/\/atonball.org\/index.php\/a-la-decouverte-de-latonball\/definition-synonyme-de-atonball\/#primaryimage\"},\"thumbnailUrl\":\"https:\/\/atonball.org\/wp-content\/uploads\/2023\/04\/cropped-TerrainLogo-e1683541454258.png\",\"datePublished\":\"2023-05-06T08:47:20+00:00\",\"dateModified\":\"2023-05-13T12:08:53+00:00\",\"breadcrumb\":{\"@id\":\"https:\/\/atonball.org\/index.php\/a-la-decouverte-de-latonball\/definition-synonyme-de-atonball\/#breadcrumb\"},\"inLanguage\":\"en-US\",\"potentialAction\":[{\"@type\":\"ReadAction\",\"target\":[\"https:\/\/atonball.org\/index.php\/a-la-decouverte-de-latonball\/definition-synonyme-de-atonball\/\"]}]},{\"@type\":\"ImageObject\",\"inLanguage\":\"en-US\",\"@id\":\"https:\/\/atonball.org\/index.php\/a-la-decouverte-de-latonball\/definition-synonyme-de-atonball\/#primaryimage\",\"url\":\"https:\/\/atonball.org\/wp-content\/uploads\/2023\/04\/cropped-TerrainLogo-e1683541454258.png\",\"contentUrl\":\"https:\/\/atonball.org\/wp-content\/uploads\/2023\/04\/cropped-TerrainLogo-e1683541454258.png\",\"width\":200,\"height\":81},{\"@type\":\"BreadcrumbList\",\"@id\":\"https:\/\/atonball.org\/index.php\/a-la-decouverte-de-latonball\/definition-synonyme-de-atonball\/#breadcrumb\",\"itemListElement\":[{\"@type\":\"ListItem\",\"position\":1,\"name\":\"Accueil\",\"item\":\"https:\/\/atonball.org\/\"},{\"@type\":\"ListItem\",\"position\":2,\"name\":\"A la d\u00e9couverte de l&rsquo;atonball\",\"item\":\"https:\/\/atonball.org\/index.php\/a-la-decouverte-de-latonball\/\"},{\"@type\":\"ListItem\",\"position\":3,\"name\":\"Definition, synonyme de atonball\"}]},{\"@type\":\"WebSite\",\"@id\":\"https:\/\/atonball.org\/#website\",\"url\":\"https:\/\/atonball.org\/\",\"name\":\"atonball.org\",\"description\":\"A new world of sport \",\"publisher\":{\"@id\":\"https:\/\/atonball.org\/#organization\"},\"potentialAction\":[{\"@type\":\"SearchAction\",\"target\":{\"@type\":\"EntryPoint\",\"urlTemplate\":\"https:\/\/atonball.org\/?s={search_term_string}\"},\"query-input\":{\"@type\":\"PropertyValueSpecification\",\"valueRequired\":true,\"valueName\":\"search_term_string\"}}],\"inLanguage\":\"en-US\"},{\"@type\":\"Organization\",\"@id\":\"https:\/\/atonball.org\/#organization\",\"name\":\"atonball\",\"url\":\"https:\/\/atonball.org\/\",\"logo\":{\"@type\":\"ImageObject\",\"inLanguage\":\"en-US\",\"@id\":\"https:\/\/atonball.org\/#\/schema\/logo\/image\/\",\"url\":\"https:\/\/atonball.org\/wp-content\/uploads\/2023\/04\/cropped-cropped-atonball-logo3.png\",\"contentUrl\":\"https:\/\/atonball.org\/wp-content\/uploads\/2023\/04\/cropped-cropped-atonball-logo3.png\",\"width\":512,\"height\":345,\"caption\":\"atonball\"},\"image\":{\"@id\":\"https:\/\/atonball.org\/#\/schema\/logo\/image\/\"},\"sameAs\":[\"https:\/\/www.facebook.com\/profile.php?id=100063710065600\"]}]}<\/script>\n<!-- \/ Yoast SEO plugin. -->","yoast_head_json":{"title":"Definition, synonyme de atonball - atonball.org","robots":{"index":"index","follow":"follow","max-snippet":"max-snippet:-1","max-image-preview":"max-image-preview:large","max-video-preview":"max-video-preview:-1"},"canonical":"https:\/\/atonball.org\/index.php\/a-la-decouverte-de-latonball\/definition-synonyme-de-atonball\/","og_locale":"en_US","og_type":"article","og_title":"Definition, synonyme de atonball - atonball.org","og_description":"Atonball, Threeball en anglais, d\u00e9signe le sport de balles de plusieurs principaux \u00e9l\u00e9ments du jeu qui se distinguent en trois [&hellip;]","og_url":"https:\/\/atonball.org\/index.php\/a-la-decouverte-de-latonball\/definition-synonyme-de-atonball\/","og_site_name":"atonball.org","article_publisher":"https:\/\/www.facebook.com\/profile.php?id=100063710065600","article_modified_time":"2023-05-13T12:08:53+00:00","og_image":[{"width":200,"height":81,"url":"https:\/\/atonball.org\/wp-content\/uploads\/2023\/04\/cropped-TerrainLogo-e1683541454258.png","type":"image\/png"}],"twitter_card":"summary_large_image","twitter_misc":{"Est. reading time":"1 minute"},"schema":{"@context":"https:\/\/schema.org","@graph":[{"@type":"WebPage","@id":"https:\/\/atonball.org\/index.php\/a-la-decouverte-de-latonball\/definition-synonyme-de-atonball\/","url":"https:\/\/atonball.org\/index.php\/a-la-decouverte-de-latonball\/definition-synonyme-de-atonball\/","name":"Definition, synonyme de atonball - atonball.org","isPartOf":{"@id":"https:\/\/atonball.org\/#website"},"primaryImageOfPage":{"@id":"https:\/\/atonball.org\/index.php\/a-la-decouverte-de-latonball\/definition-synonyme-de-atonball\/#primaryimage"},"image":{"@id":"https:\/\/atonball.org\/index.php\/a-la-decouverte-de-latonball\/definition-synonyme-de-atonball\/#primaryimage"},"thumbnailUrl":"https:\/\/atonball.org\/wp-content\/uploads\/2023\/04\/cropped-TerrainLogo-e1683541454258.png","datePublished":"2023-05-06T08:47:20+00:00","dateModified":"2023-05-13T12:08:53+00:00","breadcrumb":{"@id":"https:\/\/atonball.org\/index.php\/a-la-decouverte-de-latonball\/definition-synonyme-de-atonball\/#breadcrumb"},"inLanguage":"en-US","potentialAction":[{"@type":"ReadAction","target":["https:\/\/atonball.org\/index.php\/a-la-decouverte-de-latonball\/definition-synonyme-de-atonball\/"]}]},{"@type":"ImageObject","inLanguage":"en-US","@id":"https:\/\/atonball.org\/index.php\/a-la-decouverte-de-latonball\/definition-synonyme-de-atonball\/#primaryimage","url":"https:\/\/atonball.org\/wp-content\/uploads\/2023\/04\/cropped-TerrainLogo-e1683541454258.png","contentUrl":"https:\/\/atonball.org\/wp-content\/uploads\/2023\/04\/cropped-TerrainLogo-e1683541454258.png","width":200,"height":81},{"@type":"BreadcrumbList","@id":"https:\/\/atonball.org\/index.php\/a-la-decouverte-de-latonball\/definition-synonyme-de-atonball\/#breadcrumb","itemListElement":[{"@type":"ListItem","position":1,"name":"Accueil","item":"https:\/\/atonball.org\/"},{"@type":"ListItem","position":2,"name":"A la d\u00e9couverte de l&rsquo;atonball","item":"https:\/\/atonball.org\/index.php\/a-la-decouverte-de-latonball\/"},{"@type":"ListItem","position":3,"name":"Definition, synonyme de atonball"}]},{"@type":"WebSite","@id":"https:\/\/atonball.org\/#website","url":"https:\/\/atonball.org\/","name":"atonball.org","description":"A new world of sport ","publisher":{"@id":"https:\/\/atonball.org\/#organization"},"potentialAction":[{"@type":"SearchAction","target":{"@type":"EntryPoint","urlTemplate":"https:\/\/atonball.org\/?s={search_term_string}"},"query-input":{"@type":"PropertyValueSpecification","valueRequired":true,"valueName":"search_term_string"}}],"inLanguage":"en-US"},{"@type":"Organization","@id":"https:\/\/atonball.org\/#organization","name":"atonball","url":"https:\/\/atonball.org\/","logo":{"@type":"ImageObject","inLanguage":"en-US","@id":"https:\/\/atonball.org\/#\/schema\/logo\/image\/","url":"https:\/\/atonball.org\/wp-content\/uploads\/2023\/04\/cropped-cropped-atonball-logo3.png","contentUrl":"https:\/\/atonball.org\/wp-content\/uploads\/2023\/04\/cropped-cropped-atonball-logo3.png","width":512,"height":345,"caption":"atonball"},"image":{"@id":"https:\/\/atonball.org\/#\/schema\/logo\/image\/"},"sameAs":["https:\/\/www.facebook.com\/profile.php?id=100063710065600"]}]}},"uagb_featured_image_src":{"full":["https:\/\/atonball.org\/wp-content\/uploads\/2023\/04\/cropped-TerrainLogo-e1683541454258.png",200,81,false],"thumbnail":["https:\/\/atonball.org\/wp-content\/uploads\/2023\/04\/cropped-TerrainLogo-e1683541454258-150x81.png",150,81,true],"medium":["https:\/\/atonball.org\/wp-content\/uploads\/2023\/04\/cropped-TerrainLogo-300x122.png",300,122,true],"medium_large":["https:\/\/atonball.org\/wp-content\/uploads\/2023\/04\/cropped-TerrainLogo-768x312.png",768,312,true],"large":["https:\/\/atonball.org\/wp-content\/uploads\/2023\/04\/cropped-TerrainLogo-1024x416.png",1024,416,true],"post-slider-thumb-size":["https:\/\/atonball.org\/wp-content\/uploads\/2023\/04\/cropped-TerrainLogo-330x190.png",330,190,true],"1536x1536":["https:\/\/atonball.org\/wp-content\/uploads\/2023\/04\/cropped-TerrainLogo-1536x624.png",1536,624,true],"2048x2048":["https:\/\/atonball.org\/wp-content\/uploads\/2023\/04\/cropped-TerrainLogo-e1683541454258.png",200,81,false],"post-thumbnail":["https:\/\/atonball.org\/wp-content\/uploads\/2023\/04\/cropped-TerrainLogo-e1683541454258.png",200,81,false],"tzwb-thumbnail":["https:\/\/atonball.org\/wp-content\/uploads\/2023\/04\/cropped-TerrainLogo-e1683541454258-80x80.png",80,80,true]},"uagb_author_info":{"display_name":"Concepteur","author_link":"https:\/\/atonball.org\/index.php\/author\/moclaimg14gmail-com\/"},"uagb_comment_info":0,"uagb_excerpt":"Atonball, Threeball en anglais, d\u00e9signe le sport de balles de plusieurs principaux \u00e9l\u00e9ments du jeu qui se distinguent en trois [&hellip;]","_links":{"self":[{"href":"https:\/\/atonball.org\/index.php\/wp-json\/wp\/v2\/pages\/170","targetHints":{"allow":["GET"]}}],"collection":[{"href":"https:\/\/atonball.org\/index.php\/wp-json\/wp\/v2\/pages"}],"about":[{"href":"https:\/\/atonball.org\/index.php\/wp-json\/wp\/v2\/types\/page"}],"author":[{"embeddable":true,"href":"https:\/\/atonball.org\/index.php\/wp-json\/wp\/v2\/users\/1"}],"replies":[{"embeddable":true,"href":"https:\/\/atonball.org\/index.php\/wp-json\/wp\/v2\/comments?post=170"}],"version-history":[{"count":8,"href":"https:\/\/atonball.org\/index.php\/wp-json\/wp\/v2\/pages\/170\/revisions"}],"predecessor-version":[{"id":452,"href":"https:\/\/atonball.org\/index.php\/wp-json\/wp\/v2\/pages\/170\/revisions\/452"}],"up":[{"embeddable":true,"href":"https:\/\/atonball.org\/index.php\/wp-json\/wp\/v2\/pages\/27"}],"wp:featuredmedia":[{"embeddable":true,"href":"https:\/\/atonball.org\/index.php\/wp-json\/wp\/v2\/media\/21"}],"wp:attachment":[{"href":"https:\/\/atonball.org\/index.php\/wp-json\/wp\/v2\/media?parent=170"}],"curies":[{"name":"wp","href":"https:\/\/api.w.org\/{rel}","templated":true}]}}