{"id":192,"date":"2023-05-06T13:43:39","date_gmt":"2023-05-06T11:43:39","guid":{"rendered":"https:\/\/atonball.org\/?page_id=192"},"modified":"2023-05-12T22:06:00","modified_gmt":"2023-05-12T20:06:00","slug":"page-synoptique-de-atonball","status":"publish","type":"page","link":"https:\/\/atonball.org\/index.php\/accueil\/page-synoptique-de-atonball\/","title":{"rendered":"Page synoptique de atonball"},"content":{"rendered":"\t\t<div data-elementor-type=\"wp-page\" data-elementor-id=\"192\" class=\"elementor elementor-192\">\n\t\t\t\t\t\t<section class=\"elementor-section elementor-top-section elementor-element elementor-element-12fdd45 elementor-section-boxed elementor-section-height-default elementor-section-height-default\" data-id=\"12fdd45\" data-element_type=\"section\" data-e-type=\"section\">\n\t\t\t\t\t\t<div class=\"elementor-container elementor-column-gap-default\">\n\t\t\t\t\t<div class=\"elementor-column elementor-col-100 elementor-top-column elementor-element elementor-element-c02a7d9\" data-id=\"c02a7d9\" data-element_type=\"column\" data-e-type=\"column\">\n\t\t\t<div class=\"elementor-widget-wrap elementor-element-populated\">\n\t\t\t\t\t\t<div class=\"elementor-element elementor-element-be92960 elementor-widget elementor-widget-text-editor\" data-id=\"be92960\" data-element_type=\"widget\" data-e-type=\"widget\" data-widget_type=\"text-editor.default\">\n\t\t\t\t<div class=\"elementor-widget-container\">\n\t\t\t\t\t\t\t\t\t<p>Pr\u00e9sentation des principaux \u00e9l\u00e9ments de jeu.<\/p>\t\t\t\t\t\t\t\t<\/div>\n\t\t\t\t<\/div>\n\t\t\t\t\t<\/div>\n\t\t<\/div>\n\t\t\t\t\t<\/div>\n\t\t<\/section>\n\t\t\t\t<section class=\"elementor-section elementor-top-section elementor-element elementor-element-38f15f4 elementor-section-full_width elementor-section-height-default elementor-section-height-default\" data-id=\"38f15f4\" data-element_type=\"section\" data-e-type=\"section\">\n\t\t\t\t\t\t<div class=\"elementor-container elementor-column-gap-default\">\n\t\t\t\t\t<div class=\"elementor-column elementor-col-100 elementor-top-column elementor-element elementor-element-1412d7f5\" data-id=\"1412d7f5\" data-element_type=\"column\" data-e-type=\"column\">\n\t\t\t<div class=\"elementor-widget-wrap elementor-element-populated\">\n\t\t\t\t\t\t<div class=\"elementor-element elementor-element-4656d52c elementor-drop-cap-yes elementor-drop-cap-view-default elementor-widget elementor-widget-text-editor\" data-id=\"4656d52c\" data-element_type=\"widget\" data-e-type=\"widget\" data-settings=\"{&quot;drop_cap&quot;:&quot;yes&quot;}\" data-widget_type=\"text-editor.default\">\n\t\t\t\t<div class=\"elementor-widget-container\">\n\t\t\t\t\t\t\t\t\t<p> \n-le terrain\n<\/p> \n-les aires de jeu\n<\/p>\n-les zones de jeu\n<\/p>\n-les lignes de terrain\n<\/p>\n-les \u00e9quipements des aires de jeu\n<\/p>\n-le dispositif de jeu\n<\/p>\n-la composition des \u00e9quipes\n<\/p>\n-les correcteurs\n<\/p>\n-les ballons de jeu &#8230;\t\t\t\t\t\t\t\t<\/div>\n\t\t\t\t<\/div>\n\t\t\t\t\t<\/div>\n\t\t<\/div>\n\t\t\t\t\t<\/div>\n\t\t<\/section>\n\t\t\t\t<\/div>\n\t\t","protected":false},"excerpt":{"rendered":"<p>Pr\u00e9sentation des principaux \u00e9l\u00e9ments de jeu. -le terrain -les aires de jeu -les zones de jeu -les lignes de terrain [&hellip;]<\/p>\n","protected":false},"author":1,"featured_media":199,"parent":47,"menu_order":1,"comment_status":"closed","ping_status":"closed","template":"","meta":{"_uag_custom_page_level_css":"","footnotes":""},"class_list":["post-192","page","type-page","status-publish","has-post-thumbnail","hentry"],"yoast_head":"<!-- This site is optimized with the Yoast SEO plugin v27.0 - https:\/\/yoast.com\/product\/yoast-seo-wordpress\/ -->\n<title>Page synoptique de atonball - atonball.org<\/title>\n<meta name=\"robots\" content=\"index, follow, max-snippet:-1, max-image-preview:large, max-video-preview:-1\" \/>\n<link rel=\"canonical\" href=\"https:\/\/atonball.org\/index.php\/accueil\/page-synoptique-de-atonball\/\" \/>\n<meta property=\"og:locale\" content=\"en_US\" \/>\n<meta property=\"og:type\" content=\"article\" \/>\n<meta property=\"og:title\" content=\"Page synoptique de atonball - atonball.org\" \/>\n<meta property=\"og:description\" content=\"Pr\u00e9sentation des principaux \u00e9l\u00e9ments de jeu. -le terrain -les aires de jeu -les zones de jeu -les lignes de terrain [&hellip;]\" \/>\n<meta property=\"og:url\" content=\"https:\/\/atonball.org\/index.php\/accueil\/page-synoptique-de-atonball\/\" \/>\n<meta property=\"og:site_name\" content=\"atonball.org\" \/>\n<meta property=\"article:publisher\" content=\"https:\/\/www.facebook.com\/profile.php?id=100063710065600\" \/>\n<meta property=\"article:modified_time\" content=\"2023-05-12T20:06:00+00:00\" \/>\n<meta property=\"og:image\" content=\"https:\/\/atonball.org\/wp-content\/uploads\/2023\/05\/TerrainATBA4-1-e1683542766734.png\" \/>\n\t<meta property=\"og:image:width\" content=\"1024\" \/>\n\t<meta property=\"og:image:height\" content=\"686\" \/>\n\t<meta property=\"og:image:type\" content=\"image\/png\" \/>\n<meta name=\"twitter:card\" content=\"summary_large_image\" \/>\n<meta name=\"twitter:label1\" content=\"Est. reading time\" \/>\n\t<meta name=\"twitter:data1\" content=\"1 minute\" \/>\n<script type=\"application\/ld+json\" class=\"yoast-schema-graph\">{\"@context\":\"https:\/\/schema.org\",\"@graph\":[{\"@type\":\"WebPage\",\"@id\":\"https:\/\/atonball.org\/index.php\/accueil\/page-synoptique-de-atonball\/\",\"url\":\"https:\/\/atonball.org\/index.php\/accueil\/page-synoptique-de-atonball\/\",\"name\":\"Page synoptique de atonball - atonball.org\",\"isPartOf\":{\"@id\":\"https:\/\/atonball.org\/#website\"},\"primaryImageOfPage\":{\"@id\":\"https:\/\/atonball.org\/index.php\/accueil\/page-synoptique-de-atonball\/#primaryimage\"},\"image\":{\"@id\":\"https:\/\/atonball.org\/index.php\/accueil\/page-synoptique-de-atonball\/#primaryimage\"},\"thumbnailUrl\":\"https:\/\/atonball.org\/wp-content\/uploads\/2023\/05\/TerrainATBA4-1-e1683542766734.png\",\"datePublished\":\"2023-05-06T11:43:39+00:00\",\"dateModified\":\"2023-05-12T20:06:00+00:00\",\"breadcrumb\":{\"@id\":\"https:\/\/atonball.org\/index.php\/accueil\/page-synoptique-de-atonball\/#breadcrumb\"},\"inLanguage\":\"en-US\",\"potentialAction\":[{\"@type\":\"ReadAction\",\"target\":[\"https:\/\/atonball.org\/index.php\/accueil\/page-synoptique-de-atonball\/\"]}]},{\"@type\":\"ImageObject\",\"inLanguage\":\"en-US\",\"@id\":\"https:\/\/atonball.org\/index.php\/accueil\/page-synoptique-de-atonball\/#primaryimage\",\"url\":\"https:\/\/atonball.org\/wp-content\/uploads\/2023\/05\/TerrainATBA4-1-e1683542766734.png\",\"contentUrl\":\"https:\/\/atonball.org\/wp-content\/uploads\/2023\/05\/TerrainATBA4-1-e1683542766734.png\",\"width\":1024,\"height\":686,\"caption\":\"Legende-terrain-ATBA\"},{\"@type\":\"BreadcrumbList\",\"@id\":\"https:\/\/atonball.org\/index.php\/accueil\/page-synoptique-de-atonball\/#breadcrumb\",\"itemListElement\":[{\"@type\":\"ListItem\",\"position\":1,\"name\":\"Accueil\",\"item\":\"https:\/\/atonball.org\/\"},{\"@type\":\"ListItem\",\"position\":2,\"name\":\"Accueil\",\"item\":\"https:\/\/atonball.org\/\"},{\"@type\":\"ListItem\",\"position\":3,\"name\":\"Page synoptique de atonball\"}]},{\"@type\":\"WebSite\",\"@id\":\"https:\/\/atonball.org\/#website\",\"url\":\"https:\/\/atonball.org\/\",\"name\":\"atonball.org\",\"description\":\"A new world of sport \",\"publisher\":{\"@id\":\"https:\/\/atonball.org\/#organization\"},\"potentialAction\":[{\"@type\":\"SearchAction\",\"target\":{\"@type\":\"EntryPoint\",\"urlTemplate\":\"https:\/\/atonball.org\/?s={search_term_string}\"},\"query-input\":{\"@type\":\"PropertyValueSpecification\",\"valueRequired\":true,\"valueName\":\"search_term_string\"}}],\"inLanguage\":\"en-US\"},{\"@type\":\"Organization\",\"@id\":\"https:\/\/atonball.org\/#organization\",\"name\":\"atonball\",\"url\":\"https:\/\/atonball.org\/\",\"logo\":{\"@type\":\"ImageObject\",\"inLanguage\":\"en-US\",\"@id\":\"https:\/\/atonball.org\/#\/schema\/logo\/image\/\",\"url\":\"https:\/\/atonball.org\/wp-content\/uploads\/2023\/04\/cropped-cropped-atonball-logo3.png\",\"contentUrl\":\"https:\/\/atonball.org\/wp-content\/uploads\/2023\/04\/cropped-cropped-atonball-logo3.png\",\"width\":512,\"height\":345,\"caption\":\"atonball\"},\"image\":{\"@id\":\"https:\/\/atonball.org\/#\/schema\/logo\/image\/\"},\"sameAs\":[\"https:\/\/www.facebook.com\/profile.php?id=100063710065600\"]}]}<\/script>\n<!-- \/ Yoast SEO plugin. -->","yoast_head_json":{"title":"Page synoptique de atonball - atonball.org","robots":{"index":"index","follow":"follow","max-snippet":"max-snippet:-1","max-image-preview":"max-image-preview:large","max-video-preview":"max-video-preview:-1"},"canonical":"https:\/\/atonball.org\/index.php\/accueil\/page-synoptique-de-atonball\/","og_locale":"en_US","og_type":"article","og_title":"Page synoptique de atonball - atonball.org","og_description":"Pr\u00e9sentation des principaux \u00e9l\u00e9ments de jeu. -le terrain -les aires de jeu -les zones de jeu -les lignes de terrain [&hellip;]","og_url":"https:\/\/atonball.org\/index.php\/accueil\/page-synoptique-de-atonball\/","og_site_name":"atonball.org","article_publisher":"https:\/\/www.facebook.com\/profile.php?id=100063710065600","article_modified_time":"2023-05-12T20:06:00+00:00","og_image":[{"width":1024,"height":686,"url":"https:\/\/atonball.org\/wp-content\/uploads\/2023\/05\/TerrainATBA4-1-e1683542766734.png","type":"image\/png"}],"twitter_card":"summary_large_image","twitter_misc":{"Est. reading time":"1 minute"},"schema":{"@context":"https:\/\/schema.org","@graph":[{"@type":"WebPage","@id":"https:\/\/atonball.org\/index.php\/accueil\/page-synoptique-de-atonball\/","url":"https:\/\/atonball.org\/index.php\/accueil\/page-synoptique-de-atonball\/","name":"Page synoptique de atonball - atonball.org","isPartOf":{"@id":"https:\/\/atonball.org\/#website"},"primaryImageOfPage":{"@id":"https:\/\/atonball.org\/index.php\/accueil\/page-synoptique-de-atonball\/#primaryimage"},"image":{"@id":"https:\/\/atonball.org\/index.php\/accueil\/page-synoptique-de-atonball\/#primaryimage"},"thumbnailUrl":"https:\/\/atonball.org\/wp-content\/uploads\/2023\/05\/TerrainATBA4-1-e1683542766734.png","datePublished":"2023-05-06T11:43:39+00:00","dateModified":"2023-05-12T20:06:00+00:00","breadcrumb":{"@id":"https:\/\/atonball.org\/index.php\/accueil\/page-synoptique-de-atonball\/#breadcrumb"},"inLanguage":"en-US","potentialAction":[{"@type":"ReadAction","target":["https:\/\/atonball.org\/index.php\/accueil\/page-synoptique-de-atonball\/"]}]},{"@type":"ImageObject","inLanguage":"en-US","@id":"https:\/\/atonball.org\/index.php\/accueil\/page-synoptique-de-atonball\/#primaryimage","url":"https:\/\/atonball.org\/wp-content\/uploads\/2023\/05\/TerrainATBA4-1-e1683542766734.png","contentUrl":"https:\/\/atonball.org\/wp-content\/uploads\/2023\/05\/TerrainATBA4-1-e1683542766734.png","width":1024,"height":686,"caption":"Legende-terrain-ATBA"},{"@type":"BreadcrumbList","@id":"https:\/\/atonball.org\/index.php\/accueil\/page-synoptique-de-atonball\/#breadcrumb","itemListElement":[{"@type":"ListItem","position":1,"name":"Accueil","item":"https:\/\/atonball.org\/"},{"@type":"ListItem","position":2,"name":"Accueil","item":"https:\/\/atonball.org\/"},{"@type":"ListItem","position":3,"name":"Page synoptique de atonball"}]},{"@type":"WebSite","@id":"https:\/\/atonball.org\/#website","url":"https:\/\/atonball.org\/","name":"atonball.org","description":"A new world of sport ","publisher":{"@id":"https:\/\/atonball.org\/#organization"},"potentialAction":[{"@type":"SearchAction","target":{"@type":"EntryPoint","urlTemplate":"https:\/\/atonball.org\/?s={search_term_string}"},"query-input":{"@type":"PropertyValueSpecification","valueRequired":true,"valueName":"search_term_string"}}],"inLanguage":"en-US"},{"@type":"Organization","@id":"https:\/\/atonball.org\/#organization","name":"atonball","url":"https:\/\/atonball.org\/","logo":{"@type":"ImageObject","inLanguage":"en-US","@id":"https:\/\/atonball.org\/#\/schema\/logo\/image\/","url":"https:\/\/atonball.org\/wp-content\/uploads\/2023\/04\/cropped-cropped-atonball-logo3.png","contentUrl":"https:\/\/atonball.org\/wp-content\/uploads\/2023\/04\/cropped-cropped-atonball-logo3.png","width":512,"height":345,"caption":"atonball"},"image":{"@id":"https:\/\/atonball.org\/#\/schema\/logo\/image\/"},"sameAs":["https:\/\/www.facebook.com\/profile.php?id=100063710065600"]}]}},"uagb_featured_image_src":{"full":["https:\/\/atonball.org\/wp-content\/uploads\/2023\/05\/TerrainATBA4-1-e1683542766734.png",1024,686,false],"thumbnail":["https:\/\/atonball.org\/wp-content\/uploads\/2023\/05\/TerrainATBA4-1-e1683542766734-150x150.png",150,150,true],"medium":["https:\/\/atonball.org\/wp-content\/uploads\/2023\/05\/TerrainATBA4-1-e1683542766734-300x201.png",300,201,true],"medium_large":["https:\/\/atonball.org\/wp-content\/uploads\/2023\/05\/TerrainATBA4-1-e1683542766734-768x515.png",768,515,true],"large":["https:\/\/atonball.org\/wp-content\/uploads\/2023\/05\/TerrainATBA4-1-1024x686.png",1024,686,true],"post-slider-thumb-size":["https:\/\/atonball.org\/wp-content\/uploads\/2023\/05\/TerrainATBA4-1-e1683542766734-330x190.png",330,190,true],"1536x1536":["https:\/\/atonball.org\/wp-content\/uploads\/2023\/05\/TerrainATBA4-1-1536x1029.png",1536,1029,true],"2048x2048":["https:\/\/atonball.org\/wp-content\/uploads\/2023\/05\/TerrainATBA4-1-e1683542766734.png",1024,686,false],"post-thumbnail":["https:\/\/atonball.org\/wp-content\/uploads\/2023\/05\/TerrainATBA4-1-1141x765.png",1141,765,true],"tzwb-thumbnail":["https:\/\/atonball.org\/wp-content\/uploads\/2023\/05\/TerrainATBA4-1-e1683542766734-80x80.png",80,80,true]},"uagb_author_info":{"display_name":"Concepteur","author_link":"https:\/\/atonball.org\/index.php\/author\/moclaimg14gmail-com\/"},"uagb_comment_info":0,"uagb_excerpt":"Pr\u00e9sentation des principaux \u00e9l\u00e9ments de jeu. -le terrain -les aires de jeu -les zones de jeu -les lignes de terrain [&hellip;]","_links":{"self":[{"href":"https:\/\/atonball.org\/index.php\/wp-json\/wp\/v2\/pages\/192","targetHints":{"allow":["GET"]}}],"collection":[{"href":"https:\/\/atonball.org\/index.php\/wp-json\/wp\/v2\/pages"}],"about":[{"href":"https:\/\/atonball.org\/index.php\/wp-json\/wp\/v2\/types\/page"}],"author":[{"embeddable":true,"href":"https:\/\/atonball.org\/index.php\/wp-json\/wp\/v2\/users\/1"}],"replies":[{"embeddable":true,"href":"https:\/\/atonball.org\/index.php\/wp-json\/wp\/v2\/comments?post=192"}],"version-history":[{"count":7,"href":"https:\/\/atonball.org\/index.php\/wp-json\/wp\/v2\/pages\/192\/revisions"}],"predecessor-version":[{"id":430,"href":"https:\/\/atonball.org\/index.php\/wp-json\/wp\/v2\/pages\/192\/revisions\/430"}],"up":[{"embeddable":true,"href":"https:\/\/atonball.org\/index.php\/wp-json\/wp\/v2\/pages\/47"}],"wp:featuredmedia":[{"embeddable":true,"href":"https:\/\/atonball.org\/index.php\/wp-json\/wp\/v2\/media\/199"}],"wp:attachment":[{"href":"https:\/\/atonball.org\/index.php\/wp-json\/wp\/v2\/media?parent=192"}],"curies":[{"name":"wp","href":"https:\/\/api.w.org\/{rel}","templated":true}]}}