{"id":195,"date":"2023-05-06T15:51:41","date_gmt":"2023-05-06T13:51:41","guid":{"rendered":"https:\/\/atonball.org\/?page_id=195"},"modified":"2023-05-12T22:22:22","modified_gmt":"2023-05-12T20:22:22","slug":"textes-fondamentaux-et-reglements-atba","status":"publish","type":"page","link":"https:\/\/atonball.org\/index.php\/accueil\/textes-fondamentaux-et-reglements-atba\/","title":{"rendered":"Textes fondamentaux et r\u00e8glements ATBA"},"content":{"rendered":"\t\t<div data-elementor-type=\"wp-page\" data-elementor-id=\"195\" class=\"elementor elementor-195\">\n\t\t\t\t\t\t<section class=\"elementor-section elementor-top-section elementor-element elementor-element-7e25a843 elementor-section-boxed elementor-section-height-default elementor-section-height-default\" data-id=\"7e25a843\" data-element_type=\"section\" data-e-type=\"section\">\n\t\t\t\t\t\t<div class=\"elementor-container elementor-column-gap-default\">\n\t\t\t\t\t<div class=\"elementor-column elementor-col-100 elementor-top-column elementor-element elementor-element-30a34cb9\" data-id=\"30a34cb9\" data-element_type=\"column\" data-e-type=\"column\">\n\t\t\t<div class=\"elementor-widget-wrap elementor-element-populated\">\n\t\t\t\t\t\t<div class=\"elementor-element elementor-element-16827187 elementor-drop-cap-yes elementor-widget__width-initial elementor-drop-cap-view-default elementor-widget elementor-widget-text-editor\" data-id=\"16827187\" data-element_type=\"widget\" data-e-type=\"widget\" data-settings=\"{&quot;drop_cap&quot;:&quot;yes&quot;}\" data-widget_type=\"text-editor.default\">\n\t\t\t\t<div class=\"elementor-widget-container\">\n\t\t\t\t\t\t\t\t\t<p>\n&#8211; Textes fondamentaux\n<\/p>\n&#8211; R\u00e8glements ATBA\n<\/p>\n&#8211; Autres r\u00e8gles\n\t\t\t\t\t\t\t\t<\/div>\n\t\t\t\t<\/div>\n\t\t\t\t\t<\/div>\n\t\t<\/div>\n\t\t\t\t\t<\/div>\n\t\t<\/section>\n\t\t\t\t<section class=\"elementor-section elementor-top-section elementor-element elementor-element-bdee7ab elementor-hidden-mobile elementor-section-boxed elementor-section-height-default elementor-section-height-default\" data-id=\"bdee7ab\" data-element_type=\"section\" data-e-type=\"section\" data-settings=\"{&quot;animation&quot;:&quot;none&quot;}\">\n\t\t\t\t\t\t<div class=\"elementor-container elementor-column-gap-default\">\n\t\t\t\t\t<section class=\"elementor-column elementor-col-100 elementor-top-column elementor-element elementor-element-b23653f elementor-invisible\" data-id=\"b23653f\" data-element_type=\"column\" data-e-type=\"column\" data-settings=\"{&quot;background_background&quot;:&quot;gradient&quot;,&quot;animation&quot;:&quot;rotateIn&quot;}\">\n\t\t\t<div class=\"elementor-widget-wrap elementor-element-populated\">\n\t\t\t\t\t\t<div class=\"elementor-element elementor-element-d5d5e09 elementor-widget elementor-widget-image\" data-id=\"d5d5e09\" data-element_type=\"widget\" data-e-type=\"widget\" data-widget_type=\"image.default\">\n\t\t\t\t<div class=\"elementor-widget-container\">\n\t\t\t\t\t\t\t\t\t\t\t\t\t\t\t<img fetchpriority=\"high\" decoding=\"async\" width=\"1024\" height=\"956\" src=\"https:\/\/atonball.org\/wp-content\/uploads\/2023\/05\/atba-logo-f-jaune-1024x956.png\" class=\"attachment-large size-large wp-image-433\" alt=\"\" srcset=\"https:\/\/atonball.org\/wp-content\/uploads\/2023\/05\/atba-logo-f-jaune-1024x956.png 1024w, https:\/\/atonball.org\/wp-content\/uploads\/2023\/05\/atba-logo-f-jaune-e1683922454687.png 300w, https:\/\/atonball.org\/wp-content\/uploads\/2023\/05\/atba-logo-f-jaune-768x717.png 768w, https:\/\/atonball.org\/wp-content\/uploads\/2023\/05\/atba-logo-f-jaune-819x765.png 819w\" sizes=\"(max-width: 1024px) 100vw, 1024px\" \/>\t\t\t\t\t\t\t\t\t\t\t\t\t\t\t<\/div>\n\t\t\t\t<\/div>\n\t\t\t\t\t<\/div>\n\t\t<\/section>\n\t\t\t\t\t<\/div>\n\t\t<\/section>\n\t\t\t\t<\/div>\n\t\t","protected":false},"excerpt":{"rendered":"<p>&#8211; Textes fondamentaux &#8211; R\u00e8glements ATBA &#8211; Autres r\u00e8gles<\/p>\n","protected":false},"author":1,"featured_media":21,"parent":47,"menu_order":3,"comment_status":"closed","ping_status":"closed","template":"","meta":{"_uag_custom_page_level_css":"","footnotes":""},"class_list":["post-195","page","type-page","status-publish","has-post-thumbnail","hentry"],"yoast_head":"<!-- This site is optimized with the Yoast SEO plugin v27.0 - https:\/\/yoast.com\/product\/yoast-seo-wordpress\/ -->\n<title>Textes fondamentaux et r\u00e8glements ATBA - atonball.org<\/title>\n<meta name=\"robots\" content=\"index, follow, max-snippet:-1, max-image-preview:large, max-video-preview:-1\" \/>\n<link rel=\"canonical\" href=\"https:\/\/atonball.org\/index.php\/accueil\/textes-fondamentaux-et-reglements-atba\/\" \/>\n<meta property=\"og:locale\" content=\"en_US\" \/>\n<meta property=\"og:type\" content=\"article\" \/>\n<meta property=\"og:title\" content=\"Textes fondamentaux et r\u00e8glements ATBA - atonball.org\" \/>\n<meta property=\"og:description\" content=\"&#8211; Textes fondamentaux &#8211; R\u00e8glements ATBA &#8211; Autres r\u00e8gles\" \/>\n<meta property=\"og:url\" content=\"https:\/\/atonball.org\/index.php\/accueil\/textes-fondamentaux-et-reglements-atba\/\" \/>\n<meta property=\"og:site_name\" content=\"atonball.org\" \/>\n<meta property=\"article:publisher\" content=\"https:\/\/www.facebook.com\/profile.php?id=100063710065600\" \/>\n<meta property=\"article:modified_time\" content=\"2023-05-12T20:22:22+00:00\" \/>\n<meta property=\"og:image\" content=\"https:\/\/atonball.org\/wp-content\/uploads\/2023\/04\/cropped-TerrainLogo-e1683541454258.png\" \/>\n\t<meta property=\"og:image:width\" content=\"200\" \/>\n\t<meta property=\"og:image:height\" content=\"81\" \/>\n\t<meta property=\"og:image:type\" content=\"image\/png\" \/>\n<meta name=\"twitter:card\" content=\"summary_large_image\" \/>\n<meta name=\"twitter:label1\" content=\"Est. reading time\" \/>\n\t<meta name=\"twitter:data1\" content=\"1 minute\" \/>\n<script type=\"application\/ld+json\" class=\"yoast-schema-graph\">{\"@context\":\"https:\/\/schema.org\",\"@graph\":[{\"@type\":\"WebPage\",\"@id\":\"https:\/\/atonball.org\/index.php\/accueil\/textes-fondamentaux-et-reglements-atba\/\",\"url\":\"https:\/\/atonball.org\/index.php\/accueil\/textes-fondamentaux-et-reglements-atba\/\",\"name\":\"Textes fondamentaux et r\u00e8glements ATBA - atonball.org\",\"isPartOf\":{\"@id\":\"https:\/\/atonball.org\/#website\"},\"primaryImageOfPage\":{\"@id\":\"https:\/\/atonball.org\/index.php\/accueil\/textes-fondamentaux-et-reglements-atba\/#primaryimage\"},\"image\":{\"@id\":\"https:\/\/atonball.org\/index.php\/accueil\/textes-fondamentaux-et-reglements-atba\/#primaryimage\"},\"thumbnailUrl\":\"https:\/\/atonball.org\/wp-content\/uploads\/2023\/04\/cropped-TerrainLogo-e1683541454258.png\",\"datePublished\":\"2023-05-06T13:51:41+00:00\",\"dateModified\":\"2023-05-12T20:22:22+00:00\",\"breadcrumb\":{\"@id\":\"https:\/\/atonball.org\/index.php\/accueil\/textes-fondamentaux-et-reglements-atba\/#breadcrumb\"},\"inLanguage\":\"en-US\",\"potentialAction\":[{\"@type\":\"ReadAction\",\"target\":[\"https:\/\/atonball.org\/index.php\/accueil\/textes-fondamentaux-et-reglements-atba\/\"]}]},{\"@type\":\"ImageObject\",\"inLanguage\":\"en-US\",\"@id\":\"https:\/\/atonball.org\/index.php\/accueil\/textes-fondamentaux-et-reglements-atba\/#primaryimage\",\"url\":\"https:\/\/atonball.org\/wp-content\/uploads\/2023\/04\/cropped-TerrainLogo-e1683541454258.png\",\"contentUrl\":\"https:\/\/atonball.org\/wp-content\/uploads\/2023\/04\/cropped-TerrainLogo-e1683541454258.png\",\"width\":200,\"height\":81},{\"@type\":\"BreadcrumbList\",\"@id\":\"https:\/\/atonball.org\/index.php\/accueil\/textes-fondamentaux-et-reglements-atba\/#breadcrumb\",\"itemListElement\":[{\"@type\":\"ListItem\",\"position\":1,\"name\":\"Accueil\",\"item\":\"https:\/\/atonball.org\/\"},{\"@type\":\"ListItem\",\"position\":2,\"name\":\"Accueil\",\"item\":\"https:\/\/atonball.org\/\"},{\"@type\":\"ListItem\",\"position\":3,\"name\":\"Textes fondamentaux et r\u00e8glements ATBA\"}]},{\"@type\":\"WebSite\",\"@id\":\"https:\/\/atonball.org\/#website\",\"url\":\"https:\/\/atonball.org\/\",\"name\":\"atonball.org\",\"description\":\"A new world of sport \",\"publisher\":{\"@id\":\"https:\/\/atonball.org\/#organization\"},\"potentialAction\":[{\"@type\":\"SearchAction\",\"target\":{\"@type\":\"EntryPoint\",\"urlTemplate\":\"https:\/\/atonball.org\/?s={search_term_string}\"},\"query-input\":{\"@type\":\"PropertyValueSpecification\",\"valueRequired\":true,\"valueName\":\"search_term_string\"}}],\"inLanguage\":\"en-US\"},{\"@type\":\"Organization\",\"@id\":\"https:\/\/atonball.org\/#organization\",\"name\":\"atonball\",\"url\":\"https:\/\/atonball.org\/\",\"logo\":{\"@type\":\"ImageObject\",\"inLanguage\":\"en-US\",\"@id\":\"https:\/\/atonball.org\/#\/schema\/logo\/image\/\",\"url\":\"https:\/\/atonball.org\/wp-content\/uploads\/2023\/04\/cropped-cropped-atonball-logo3.png\",\"contentUrl\":\"https:\/\/atonball.org\/wp-content\/uploads\/2023\/04\/cropped-cropped-atonball-logo3.png\",\"width\":512,\"height\":345,\"caption\":\"atonball\"},\"image\":{\"@id\":\"https:\/\/atonball.org\/#\/schema\/logo\/image\/\"},\"sameAs\":[\"https:\/\/www.facebook.com\/profile.php?id=100063710065600\"]}]}<\/script>\n<!-- \/ Yoast SEO plugin. -->","yoast_head_json":{"title":"Textes fondamentaux et r\u00e8glements ATBA - atonball.org","robots":{"index":"index","follow":"follow","max-snippet":"max-snippet:-1","max-image-preview":"max-image-preview:large","max-video-preview":"max-video-preview:-1"},"canonical":"https:\/\/atonball.org\/index.php\/accueil\/textes-fondamentaux-et-reglements-atba\/","og_locale":"en_US","og_type":"article","og_title":"Textes fondamentaux et r\u00e8glements ATBA - atonball.org","og_description":"&#8211; Textes fondamentaux &#8211; R\u00e8glements ATBA &#8211; Autres r\u00e8gles","og_url":"https:\/\/atonball.org\/index.php\/accueil\/textes-fondamentaux-et-reglements-atba\/","og_site_name":"atonball.org","article_publisher":"https:\/\/www.facebook.com\/profile.php?id=100063710065600","article_modified_time":"2023-05-12T20:22:22+00:00","og_image":[{"width":200,"height":81,"url":"https:\/\/atonball.org\/wp-content\/uploads\/2023\/04\/cropped-TerrainLogo-e1683541454258.png","type":"image\/png"}],"twitter_card":"summary_large_image","twitter_misc":{"Est. reading time":"1 minute"},"schema":{"@context":"https:\/\/schema.org","@graph":[{"@type":"WebPage","@id":"https:\/\/atonball.org\/index.php\/accueil\/textes-fondamentaux-et-reglements-atba\/","url":"https:\/\/atonball.org\/index.php\/accueil\/textes-fondamentaux-et-reglements-atba\/","name":"Textes fondamentaux et r\u00e8glements ATBA - atonball.org","isPartOf":{"@id":"https:\/\/atonball.org\/#website"},"primaryImageOfPage":{"@id":"https:\/\/atonball.org\/index.php\/accueil\/textes-fondamentaux-et-reglements-atba\/#primaryimage"},"image":{"@id":"https:\/\/atonball.org\/index.php\/accueil\/textes-fondamentaux-et-reglements-atba\/#primaryimage"},"thumbnailUrl":"https:\/\/atonball.org\/wp-content\/uploads\/2023\/04\/cropped-TerrainLogo-e1683541454258.png","datePublished":"2023-05-06T13:51:41+00:00","dateModified":"2023-05-12T20:22:22+00:00","breadcrumb":{"@id":"https:\/\/atonball.org\/index.php\/accueil\/textes-fondamentaux-et-reglements-atba\/#breadcrumb"},"inLanguage":"en-US","potentialAction":[{"@type":"ReadAction","target":["https:\/\/atonball.org\/index.php\/accueil\/textes-fondamentaux-et-reglements-atba\/"]}]},{"@type":"ImageObject","inLanguage":"en-US","@id":"https:\/\/atonball.org\/index.php\/accueil\/textes-fondamentaux-et-reglements-atba\/#primaryimage","url":"https:\/\/atonball.org\/wp-content\/uploads\/2023\/04\/cropped-TerrainLogo-e1683541454258.png","contentUrl":"https:\/\/atonball.org\/wp-content\/uploads\/2023\/04\/cropped-TerrainLogo-e1683541454258.png","width":200,"height":81},{"@type":"BreadcrumbList","@id":"https:\/\/atonball.org\/index.php\/accueil\/textes-fondamentaux-et-reglements-atba\/#breadcrumb","itemListElement":[{"@type":"ListItem","position":1,"name":"Accueil","item":"https:\/\/atonball.org\/"},{"@type":"ListItem","position":2,"name":"Accueil","item":"https:\/\/atonball.org\/"},{"@type":"ListItem","position":3,"name":"Textes fondamentaux et r\u00e8glements ATBA"}]},{"@type":"WebSite","@id":"https:\/\/atonball.org\/#website","url":"https:\/\/atonball.org\/","name":"atonball.org","description":"A new world of sport ","publisher":{"@id":"https:\/\/atonball.org\/#organization"},"potentialAction":[{"@type":"SearchAction","target":{"@type":"EntryPoint","urlTemplate":"https:\/\/atonball.org\/?s={search_term_string}"},"query-input":{"@type":"PropertyValueSpecification","valueRequired":true,"valueName":"search_term_string"}}],"inLanguage":"en-US"},{"@type":"Organization","@id":"https:\/\/atonball.org\/#organization","name":"atonball","url":"https:\/\/atonball.org\/","logo":{"@type":"ImageObject","inLanguage":"en-US","@id":"https:\/\/atonball.org\/#\/schema\/logo\/image\/","url":"https:\/\/atonball.org\/wp-content\/uploads\/2023\/04\/cropped-cropped-atonball-logo3.png","contentUrl":"https:\/\/atonball.org\/wp-content\/uploads\/2023\/04\/cropped-cropped-atonball-logo3.png","width":512,"height":345,"caption":"atonball"},"image":{"@id":"https:\/\/atonball.org\/#\/schema\/logo\/image\/"},"sameAs":["https:\/\/www.facebook.com\/profile.php?id=100063710065600"]}]}},"uagb_featured_image_src":{"full":["https:\/\/atonball.org\/wp-content\/uploads\/2023\/04\/cropped-TerrainLogo-e1683541454258.png",200,81,false],"thumbnail":["https:\/\/atonball.org\/wp-content\/uploads\/2023\/04\/cropped-TerrainLogo-e1683541454258-150x81.png",150,81,true],"medium":["https:\/\/atonball.org\/wp-content\/uploads\/2023\/04\/cropped-TerrainLogo-300x122.png",300,122,true],"medium_large":["https:\/\/atonball.org\/wp-content\/uploads\/2023\/04\/cropped-TerrainLogo-768x312.png",768,312,true],"large":["https:\/\/atonball.org\/wp-content\/uploads\/2023\/04\/cropped-TerrainLogo-1024x416.png",1024,416,true],"post-slider-thumb-size":["https:\/\/atonball.org\/wp-content\/uploads\/2023\/04\/cropped-TerrainLogo-330x190.png",330,190,true],"1536x1536":["https:\/\/atonball.org\/wp-content\/uploads\/2023\/04\/cropped-TerrainLogo-1536x624.png",1536,624,true],"2048x2048":["https:\/\/atonball.org\/wp-content\/uploads\/2023\/04\/cropped-TerrainLogo-e1683541454258.png",200,81,false],"post-thumbnail":["https:\/\/atonball.org\/wp-content\/uploads\/2023\/04\/cropped-TerrainLogo-e1683541454258.png",200,81,false],"tzwb-thumbnail":["https:\/\/atonball.org\/wp-content\/uploads\/2023\/04\/cropped-TerrainLogo-e1683541454258-80x80.png",80,80,true]},"uagb_author_info":{"display_name":"Concepteur","author_link":"https:\/\/atonball.org\/index.php\/author\/moclaimg14gmail-com\/"},"uagb_comment_info":0,"uagb_excerpt":"&#8211; Textes fondamentaux &#8211; R\u00e8glements ATBA &#8211; Autres r\u00e8gles","_links":{"self":[{"href":"https:\/\/atonball.org\/index.php\/wp-json\/wp\/v2\/pages\/195","targetHints":{"allow":["GET"]}}],"collection":[{"href":"https:\/\/atonball.org\/index.php\/wp-json\/wp\/v2\/pages"}],"about":[{"href":"https:\/\/atonball.org\/index.php\/wp-json\/wp\/v2\/types\/page"}],"author":[{"embeddable":true,"href":"https:\/\/atonball.org\/index.php\/wp-json\/wp\/v2\/users\/1"}],"replies":[{"embeddable":true,"href":"https:\/\/atonball.org\/index.php\/wp-json\/wp\/v2\/comments?post=195"}],"version-history":[{"count":10,"href":"https:\/\/atonball.org\/index.php\/wp-json\/wp\/v2\/pages\/195\/revisions"}],"predecessor-version":[{"id":439,"href":"https:\/\/atonball.org\/index.php\/wp-json\/wp\/v2\/pages\/195\/revisions\/439"}],"up":[{"embeddable":true,"href":"https:\/\/atonball.org\/index.php\/wp-json\/wp\/v2\/pages\/47"}],"wp:featuredmedia":[{"embeddable":true,"href":"https:\/\/atonball.org\/index.php\/wp-json\/wp\/v2\/media\/21"}],"wp:attachment":[{"href":"https:\/\/atonball.org\/index.php\/wp-json\/wp\/v2\/media?parent=195"}],"curies":[{"name":"wp","href":"https:\/\/api.w.org\/{rel}","templated":true}]}}