{"id":27,"date":"2023-04-30T16:23:52","date_gmt":"2023-04-30T14:23:52","guid":{"rendered":"https:\/\/atonball.org\/?page_id=27"},"modified":"2023-05-17T15:29:08","modified_gmt":"2023-05-17T13:29:08","slug":"a-la-decouverte-de-latonball","status":"publish","type":"page","link":"https:\/\/atonball.org\/index.php\/a-la-decouverte-de-latonball\/","title":{"rendered":"A la d\u00e9couverte de l&#8217;atonball"},"content":{"rendered":"\t\t<div data-elementor-type=\"wp-page\" data-elementor-id=\"27\" class=\"elementor elementor-27\">\n\t\t\t\t\t\t<section class=\"elementor-section elementor-top-section elementor-element elementor-element-7e5dfe41 elementor-section-boxed elementor-section-height-default elementor-section-height-default\" data-id=\"7e5dfe41\" data-element_type=\"section\" data-e-type=\"section\">\n\t\t\t\t\t\t<div class=\"elementor-container elementor-column-gap-default\">\n\t\t\t\t\t<div class=\"elementor-column elementor-col-100 elementor-top-column elementor-element elementor-element-24587c0d\" data-id=\"24587c0d\" data-element_type=\"column\" data-e-type=\"column\">\n\t\t\t<div class=\"elementor-widget-wrap elementor-element-populated\">\n\t\t\t\t\t\t<div class=\"elementor-element elementor-element-16adbba4 elementor-drop-cap-yes elementor-widget__width-initial elementor-drop-cap-view-default elementor-widget elementor-widget-text-editor\" data-id=\"16adbba4\" data-element_type=\"widget\" data-e-type=\"widget\" data-settings=\"{&quot;drop_cap&quot;:&quot;yes&quot;}\" data-widget_type=\"text-editor.default\">\n\t\t\t\t<div class=\"elementor-widget-container\">\n\t\t\t\t\t\t\t\t\t<p> \nL&#8217;atonball est une conception sportive qui se pratique entre deux \u00e9quipes de huit joueurs ou treize joueurs par \u00e9quipe :\n\n<\/p>\n\n<img fetchpriority=\"high\" decoding=\"async\" src=\"https:\/\/atonball.org\/wp-content\/uploads\/2023\/04\/2-atonball-logo2-m2-300x275.png\" alt=\"\" width=\"300\" height=\"275\" class=\"alignnone size-medium wp-image-39\" srcset=\"https:\/\/atonball.org\/wp-content\/uploads\/2023\/04\/2-atonball-logo2-m2-300x275.png 300w, https:\/\/atonball.org\/wp-content\/uploads\/2023\/04\/2-atonball-logo2-m2-65x60.png 65w, https:\/\/atonball.org\/wp-content\/uploads\/2023\/04\/2-atonball-logo2-m2.png 534w\" sizes=\"(max-width: 300px) 100vw, 300px\" \/>\n\n\n<\/p>\n\u2713 de trois cat\u00e9gories de joueurs dans une \u00e9quipe : les joueurs W, les joueurs C et le joueur L aux couleurs d\u2019\u00e9quipements distinctes\n<img decoding=\"async\" src=\"https:\/\/atonball.org\/wp-content\/uploads\/2023\/04\/2-atonball-logo2-m2-300x275.png\" alt=\"Trois joueurs et ballons\" width=\"300\" height=\"275\" class=\"alignnone size-medium wp-image-39\" srcset=\"https:\/\/atonball.org\/wp-content\/uploads\/2023\/04\/2-atonball-logo2-m2-300x275.png 300w, https:\/\/atonball.org\/wp-content\/uploads\/2023\/04\/2-atonball-logo2-m2-65x60.png 65w, https:\/\/atonball.org\/wp-content\/uploads\/2023\/04\/2-atonball-logo2-m2.png 534w\" sizes=\"(max-width: 300px) 100vw, 300px\" \/>\n\n\n<\/p>\n\u2713 de  trois joueurs de r\u00f4le unique: le campeur, le lanceur et le m\u00e9tronome, r\u00f4le ouvert \u00e0 tout membre d\u2019une \u00e9quipe\n<\/p>\n<img decoding=\"async\" src=\"https:\/\/atonball.org\/wp-content\/uploads\/2023\/04\/3-atonball-terrain-3-aires-m-300x202.png\" alt=\"\" width=\"300\" height=\"202\" class=\"alignnone size-medium wp-image-40\" srcset=\"https:\/\/atonball.org\/wp-content\/uploads\/2023\/04\/3-atonball-terrain-3-aires-m-300x202.png 300w, https:\/\/atonball.org\/wp-content\/uploads\/2023\/04\/3-atonball-terrain-3-aires-m-89x60.png 89w, https:\/\/atonball.org\/wp-content\/uploads\/2023\/04\/3-atonball-terrain-3-aires-m.png 623w\" sizes=\"(max-width: 300px) 100vw, 300px\" \/>\n\n\n<\/p>\n\u2713 sur un terrain de trois aires de jeu, une principale et deux secondaires\n<\/p>\n<img loading=\"lazy\" decoding=\"async\" src=\"https:\/\/atonball.org\/wp-content\/uploads\/2023\/04\/4-atonball-aire-p-3-zones-m-300x206.png\" alt=\"\" width=\"300\" height=\"206\" class=\"alignnone size-medium wp-image-41\" srcset=\"https:\/\/atonball.org\/wp-content\/uploads\/2023\/04\/4-atonball-aire-p-3-zones-m-300x206.png 300w, https:\/\/atonball.org\/wp-content\/uploads\/2023\/04\/4-atonball-aire-p-3-zones-m-87x60.png 87w, https:\/\/atonball.org\/wp-content\/uploads\/2023\/04\/4-atonball-aire-p-3-zones-m.png 617w\" sizes=\"(max-width: 300px) 100vw, 300px\" \/>\n\n\n<\/p>\n\u2713 sur une aire principale de jeu subdivis\u00e9e en trois zones, s\u00e9par\u00e9es par des lignes continues W\n<\/p>\n<img loading=\"lazy\" decoding=\"async\" src=\"https:\/\/atonball.org\/wp-content\/uploads\/2023\/04\/5-atonball-camp-objectifs-2d-m-300x185.png\" alt=\"\" width=\"300\" height=\"185\" class=\"alignnone size-medium wp-image-42\" srcset=\"https:\/\/atonball.org\/wp-content\/uploads\/2023\/04\/5-atonball-camp-objectifs-2d-m-300x185.png 300w, https:\/\/atonball.org\/wp-content\/uploads\/2023\/04\/5-atonball-camp-objectifs-2d-m-97x60.png 97w, https:\/\/atonball.org\/wp-content\/uploads\/2023\/04\/5-atonball-camp-objectifs-2d-m.png 651w\" sizes=\"(max-width: 300px) 100vw, 300px\" \/>\n\n\n<\/p>\n\u2713 dot\u00e9e sur l\u2019aire principale de deux camps d\u2019objectifs triangulaires, chacun \u00e0 trois niveaux s\u00e9par\u00e9 par des filets int\u00e9rieurs horizontaux\n<\/p>\n<img loading=\"lazy\" decoding=\"async\" src=\"https:\/\/atonball.org\/wp-content\/uploads\/2023\/04\/6-atonball-filet-tricolore-m-300x220.png\" alt=\"\" width=\"300\" height=\"220\" class=\"alignnone size-medium wp-image-43\" srcset=\"https:\/\/atonball.org\/wp-content\/uploads\/2023\/04\/6-atonball-filet-tricolore-m-300x220.png 300w, https:\/\/atonball.org\/wp-content\/uploads\/2023\/04\/6-atonball-filet-tricolore-m-82x60.png 82w, https:\/\/atonball.org\/wp-content\/uploads\/2023\/04\/6-atonball-filet-tricolore-m.png 597w\" sizes=\"(max-width: 300px) 100vw, 300px\" \/>\n\n\n<\/p>\n\u2713 sur deux aires secondaires de jeu, chacune dot\u00e9e d\u2019un m\u00e2t de filet tricolore \u00e0 trois cylindres de couleurs distinctes\n<\/p>\n<img loading=\"lazy\" decoding=\"async\" src=\"https:\/\/atonball.org\/wp-content\/uploads\/2023\/04\/7-atonball-trois-ballons1-m-300x224.png\" alt=\"\" width=\"300\" height=\"224\" class=\"alignnone size-medium wp-image-44\" srcset=\"https:\/\/atonball.org\/wp-content\/uploads\/2023\/04\/7-atonball-trois-ballons1-m-300x224.png 300w, https:\/\/atonball.org\/wp-content\/uploads\/2023\/04\/7-atonball-trois-ballons1-m-80x60.png 80w, https:\/\/atonball.org\/wp-content\/uploads\/2023\/04\/7-atonball-trois-ballons1-m.png 592w\" sizes=\"(max-width: 300px) 100vw, 300px\" \/>\n\n\n<\/p>\n\u2713 avec trois ballons de jeu actifs, l\u2019actol, l\u2019abol et le factol\n<\/p>\n<img loading=\"lazy\" decoding=\"async\" src=\"https:\/\/atonball.org\/wp-content\/uploads\/2023\/04\/1-atonball-logo-m2-300x188.png\" alt=\"\" width=\"300\" height=\"188\" class=\"alignnone size-medium wp-image-38\" srcset=\"https:\/\/atonball.org\/wp-content\/uploads\/2023\/04\/1-atonball-logo-m2-300x188.png 300w, https:\/\/atonball.org\/wp-content\/uploads\/2023\/04\/1-atonball-logo-m2-96x60.png 96w, https:\/\/atonball.org\/wp-content\/uploads\/2023\/04\/1-atonball-logo-m2.png 646w\" sizes=\"(max-width: 300px) 100vw, 300px\" \/>\n\n\n<\/p>\n\u2713 avec des p\u00e9nalit\u00e9s de score et des p\u00e9nalit\u00e9s de tirs au cours du jeu\n<\/p>\n<img decoding=\"async\" src=\"https:\/\/atonball.org\/wp-content\/uploads\/2023\/04\/2-atonball-logo2-m2-300x275.png\" alt=\"Trois joueurs et ballons\" width=\"300\" height=\"275\" class=\"alignnone size-medium wp-image-39\" srcset=\"https:\/\/atonball.org\/wp-content\/uploads\/2023\/04\/2-atonball-logo2-m2-300x275.png 300w, https:\/\/atonball.org\/wp-content\/uploads\/2023\/04\/2-atonball-logo2-m2-65x60.png 65w, https:\/\/atonball.org\/wp-content\/uploads\/2023\/04\/2-atonball-logo2-m2.png 534w\" sizes=\"(max-width: 300px) 100vw, 300px\" \/>\n\n\n<\/p>\n\u2713 supervis\u00e9e par au moins trois correcteurs de jeu\n<\/p>\n<img loading=\"lazy\" decoding=\"async\" src=\"https:\/\/atonball.org\/wp-content\/uploads\/2023\/05\/3ball-ga-e1684330125270-246x300.png\" alt=\"3ball-logo-2\" width=\"246\" height=\"300\" class=\"alignnone size-medium wp-image-471\" srcset=\"https:\/\/atonball.org\/wp-content\/uploads\/2023\/05\/3ball-ga-e1684330125270-246x300.png 246w, https:\/\/atonball.org\/wp-content\/uploads\/2023\/05\/3ball-ga-e1684330125270.png 504w\" sizes=\"(max-width: 246px) 100vw, 246px\" \/>\n\n\n<\/p>\n\u2713 en trois temps de jeu de vingt-huit minutes chacune et de deux pauses de jeu\n<\/p>\n\u2713 s\u2019achevant sur score final n\u00e9gatif, nul ou positif pour une \u00e9quipe&#8230;\n\t\t\t\t\t\t\t\t<\/div>\n\t\t\t\t<\/div>\n\t\t\t\t\t<\/div>\n\t\t<\/div>\n\t\t\t\t\t<\/div>\n\t\t<\/section>\n\t\t\t\t<\/div>\n\t\t","protected":false},"excerpt":{"rendered":"<p>L\u2019atonball, un sport qui se pratique entre deux \u00e9quipes de huit joueurs ou treize joueurs par \u00e9quipe\u00a0:<\/p>\n<p> De trois cat\u00e9gories de joueurs dans une \u00e9quipe : les joueurs W, les joueurs C et le joueur aux couleurs d\u2019\u00e9quipements distinctes <\/p>\n<p>De  trois joueurs de r\u00f4le unique\u00a0: le campeur, le lanceur et le m\u00e9tronome, r\u00f4le ouvert \u00e0 tout membre d\u2019une \u00e9quipe sur un terrain de trois aires de jeu, une principale et deux secondaires&#8230;<\/p>\n","protected":false},"author":1,"featured_media":39,"parent":0,"menu_order":2,"comment_status":"closed","ping_status":"closed","template":"","meta":{"_uag_custom_page_level_css":"","footnotes":""},"class_list":["post-27","page","type-page","status-publish","has-post-thumbnail","hentry"],"yoast_head":"<!-- This site is optimized with the Yoast SEO plugin v27.0 - https:\/\/yoast.com\/product\/yoast-seo-wordpress\/ -->\n<title>A la d\u00e9couverte de l&#039;atonball - atonball.org<\/title>\n<meta name=\"robots\" content=\"index, follow, max-snippet:-1, max-image-preview:large, max-video-preview:-1\" \/>\n<link rel=\"canonical\" href=\"https:\/\/atonball.org\/index.php\/a-la-decouverte-de-latonball\/\" \/>\n<meta property=\"og:locale\" content=\"en_US\" \/>\n<meta property=\"og:type\" content=\"article\" \/>\n<meta property=\"og:title\" content=\"A la d\u00e9couverte de l&#039;atonball - atonball.org\" \/>\n<meta property=\"og:description\" content=\"L\u2019atonball, un sport qui se pratique entre deux \u00e9quipes de huit joueurs ou treize joueurs par \u00e9quipe\u00a0:  De trois cat\u00e9gories de joueurs dans une \u00e9quipe : les joueurs W, les joueurs C et le joueur aux couleurs d\u2019\u00e9quipements distinctes  De trois joueurs de r\u00f4le unique\u00a0: le campeur, le lanceur et le m\u00e9tronome, r\u00f4le ouvert \u00e0 tout membre d\u2019une \u00e9quipe sur un terrain de trois aires de jeu, une principale et deux secondaires...\" \/>\n<meta property=\"og:url\" content=\"https:\/\/atonball.org\/index.php\/a-la-decouverte-de-latonball\/\" \/>\n<meta property=\"og:site_name\" content=\"atonball.org\" \/>\n<meta property=\"article:publisher\" content=\"https:\/\/www.facebook.com\/profile.php?id=100063710065600\" \/>\n<meta property=\"article:modified_time\" content=\"2023-05-17T13:29:08+00:00\" \/>\n<meta property=\"og:image\" content=\"https:\/\/atonball.org\/wp-content\/uploads\/2023\/04\/2-atonball-logo2-m2.png\" \/>\n\t<meta property=\"og:image:width\" content=\"534\" \/>\n\t<meta property=\"og:image:height\" content=\"490\" \/>\n\t<meta property=\"og:image:type\" content=\"image\/png\" \/>\n<meta name=\"twitter:card\" content=\"summary_large_image\" \/>\n<meta name=\"twitter:label1\" content=\"Est. reading time\" \/>\n\t<meta name=\"twitter:data1\" content=\"4 minutes\" \/>\n<script type=\"application\/ld+json\" class=\"yoast-schema-graph\">{\"@context\":\"https:\/\/schema.org\",\"@graph\":[{\"@type\":\"WebPage\",\"@id\":\"https:\/\/atonball.org\/index.php\/a-la-decouverte-de-latonball\/\",\"url\":\"https:\/\/atonball.org\/index.php\/a-la-decouverte-de-latonball\/\",\"name\":\"A la d\u00e9couverte de l'atonball - atonball.org\",\"isPartOf\":{\"@id\":\"https:\/\/atonball.org\/#website\"},\"primaryImageOfPage\":{\"@id\":\"https:\/\/atonball.org\/index.php\/a-la-decouverte-de-latonball\/#primaryimage\"},\"image\":{\"@id\":\"https:\/\/atonball.org\/index.php\/a-la-decouverte-de-latonball\/#primaryimage\"},\"thumbnailUrl\":\"https:\/\/atonball.org\/wp-content\/uploads\/2023\/04\/2-atonball-logo2-m2.png\",\"datePublished\":\"2023-04-30T14:23:52+00:00\",\"dateModified\":\"2023-05-17T13:29:08+00:00\",\"breadcrumb\":{\"@id\":\"https:\/\/atonball.org\/index.php\/a-la-decouverte-de-latonball\/#breadcrumb\"},\"inLanguage\":\"en-US\",\"potentialAction\":[{\"@type\":\"ReadAction\",\"target\":[\"https:\/\/atonball.org\/index.php\/a-la-decouverte-de-latonball\/\"]}]},{\"@type\":\"ImageObject\",\"inLanguage\":\"en-US\",\"@id\":\"https:\/\/atonball.org\/index.php\/a-la-decouverte-de-latonball\/#primaryimage\",\"url\":\"https:\/\/atonball.org\/wp-content\/uploads\/2023\/04\/2-atonball-logo2-m2.png\",\"contentUrl\":\"https:\/\/atonball.org\/wp-content\/uploads\/2023\/04\/2-atonball-logo2-m2.png\",\"width\":534,\"height\":490,\"caption\":\"Trois joueurs et ballons\"},{\"@type\":\"BreadcrumbList\",\"@id\":\"https:\/\/atonball.org\/index.php\/a-la-decouverte-de-latonball\/#breadcrumb\",\"itemListElement\":[{\"@type\":\"ListItem\",\"position\":1,\"name\":\"Accueil\",\"item\":\"https:\/\/atonball.org\/\"},{\"@type\":\"ListItem\",\"position\":2,\"name\":\"A la d\u00e9couverte de l&rsquo;atonball\"}]},{\"@type\":\"WebSite\",\"@id\":\"https:\/\/atonball.org\/#website\",\"url\":\"https:\/\/atonball.org\/\",\"name\":\"atonball.org\",\"description\":\"A new world of sport \",\"publisher\":{\"@id\":\"https:\/\/atonball.org\/#organization\"},\"potentialAction\":[{\"@type\":\"SearchAction\",\"target\":{\"@type\":\"EntryPoint\",\"urlTemplate\":\"https:\/\/atonball.org\/?s={search_term_string}\"},\"query-input\":{\"@type\":\"PropertyValueSpecification\",\"valueRequired\":true,\"valueName\":\"search_term_string\"}}],\"inLanguage\":\"en-US\"},{\"@type\":\"Organization\",\"@id\":\"https:\/\/atonball.org\/#organization\",\"name\":\"atonball\",\"url\":\"https:\/\/atonball.org\/\",\"logo\":{\"@type\":\"ImageObject\",\"inLanguage\":\"en-US\",\"@id\":\"https:\/\/atonball.org\/#\/schema\/logo\/image\/\",\"url\":\"https:\/\/atonball.org\/wp-content\/uploads\/2023\/04\/cropped-cropped-atonball-logo3.png\",\"contentUrl\":\"https:\/\/atonball.org\/wp-content\/uploads\/2023\/04\/cropped-cropped-atonball-logo3.png\",\"width\":512,\"height\":345,\"caption\":\"atonball\"},\"image\":{\"@id\":\"https:\/\/atonball.org\/#\/schema\/logo\/image\/\"},\"sameAs\":[\"https:\/\/www.facebook.com\/profile.php?id=100063710065600\"]}]}<\/script>\n<!-- \/ Yoast SEO plugin. -->","yoast_head_json":{"title":"A la d\u00e9couverte de l'atonball - atonball.org","robots":{"index":"index","follow":"follow","max-snippet":"max-snippet:-1","max-image-preview":"max-image-preview:large","max-video-preview":"max-video-preview:-1"},"canonical":"https:\/\/atonball.org\/index.php\/a-la-decouverte-de-latonball\/","og_locale":"en_US","og_type":"article","og_title":"A la d\u00e9couverte de l'atonball - atonball.org","og_description":"L\u2019atonball, un sport qui se pratique entre deux \u00e9quipes de huit joueurs ou treize joueurs par \u00e9quipe\u00a0:  De trois cat\u00e9gories de joueurs dans une \u00e9quipe : les joueurs W, les joueurs C et le joueur aux couleurs d\u2019\u00e9quipements distinctes  De trois joueurs de r\u00f4le unique\u00a0: le campeur, le lanceur et le m\u00e9tronome, r\u00f4le ouvert \u00e0 tout membre d\u2019une \u00e9quipe sur un terrain de trois aires de jeu, une principale et deux secondaires...","og_url":"https:\/\/atonball.org\/index.php\/a-la-decouverte-de-latonball\/","og_site_name":"atonball.org","article_publisher":"https:\/\/www.facebook.com\/profile.php?id=100063710065600","article_modified_time":"2023-05-17T13:29:08+00:00","og_image":[{"width":534,"height":490,"url":"https:\/\/atonball.org\/wp-content\/uploads\/2023\/04\/2-atonball-logo2-m2.png","type":"image\/png"}],"twitter_card":"summary_large_image","twitter_misc":{"Est. reading time":"4 minutes"},"schema":{"@context":"https:\/\/schema.org","@graph":[{"@type":"WebPage","@id":"https:\/\/atonball.org\/index.php\/a-la-decouverte-de-latonball\/","url":"https:\/\/atonball.org\/index.php\/a-la-decouverte-de-latonball\/","name":"A la d\u00e9couverte de l'atonball - atonball.org","isPartOf":{"@id":"https:\/\/atonball.org\/#website"},"primaryImageOfPage":{"@id":"https:\/\/atonball.org\/index.php\/a-la-decouverte-de-latonball\/#primaryimage"},"image":{"@id":"https:\/\/atonball.org\/index.php\/a-la-decouverte-de-latonball\/#primaryimage"},"thumbnailUrl":"https:\/\/atonball.org\/wp-content\/uploads\/2023\/04\/2-atonball-logo2-m2.png","datePublished":"2023-04-30T14:23:52+00:00","dateModified":"2023-05-17T13:29:08+00:00","breadcrumb":{"@id":"https:\/\/atonball.org\/index.php\/a-la-decouverte-de-latonball\/#breadcrumb"},"inLanguage":"en-US","potentialAction":[{"@type":"ReadAction","target":["https:\/\/atonball.org\/index.php\/a-la-decouverte-de-latonball\/"]}]},{"@type":"ImageObject","inLanguage":"en-US","@id":"https:\/\/atonball.org\/index.php\/a-la-decouverte-de-latonball\/#primaryimage","url":"https:\/\/atonball.org\/wp-content\/uploads\/2023\/04\/2-atonball-logo2-m2.png","contentUrl":"https:\/\/atonball.org\/wp-content\/uploads\/2023\/04\/2-atonball-logo2-m2.png","width":534,"height":490,"caption":"Trois joueurs et ballons"},{"@type":"BreadcrumbList","@id":"https:\/\/atonball.org\/index.php\/a-la-decouverte-de-latonball\/#breadcrumb","itemListElement":[{"@type":"ListItem","position":1,"name":"Accueil","item":"https:\/\/atonball.org\/"},{"@type":"ListItem","position":2,"name":"A la d\u00e9couverte de l&rsquo;atonball"}]},{"@type":"WebSite","@id":"https:\/\/atonball.org\/#website","url":"https:\/\/atonball.org\/","name":"atonball.org","description":"A new world of sport ","publisher":{"@id":"https:\/\/atonball.org\/#organization"},"potentialAction":[{"@type":"SearchAction","target":{"@type":"EntryPoint","urlTemplate":"https:\/\/atonball.org\/?s={search_term_string}"},"query-input":{"@type":"PropertyValueSpecification","valueRequired":true,"valueName":"search_term_string"}}],"inLanguage":"en-US"},{"@type":"Organization","@id":"https:\/\/atonball.org\/#organization","name":"atonball","url":"https:\/\/atonball.org\/","logo":{"@type":"ImageObject","inLanguage":"en-US","@id":"https:\/\/atonball.org\/#\/schema\/logo\/image\/","url":"https:\/\/atonball.org\/wp-content\/uploads\/2023\/04\/cropped-cropped-atonball-logo3.png","contentUrl":"https:\/\/atonball.org\/wp-content\/uploads\/2023\/04\/cropped-cropped-atonball-logo3.png","width":512,"height":345,"caption":"atonball"},"image":{"@id":"https:\/\/atonball.org\/#\/schema\/logo\/image\/"},"sameAs":["https:\/\/www.facebook.com\/profile.php?id=100063710065600"]}]}},"uagb_featured_image_src":{"full":["https:\/\/atonball.org\/wp-content\/uploads\/2023\/04\/2-atonball-logo2-m2.png",534,490,false],"thumbnail":["https:\/\/atonball.org\/wp-content\/uploads\/2023\/04\/2-atonball-logo2-m2-150x150.png",150,150,true],"medium":["https:\/\/atonball.org\/wp-content\/uploads\/2023\/04\/2-atonball-logo2-m2-300x275.png",300,275,true],"medium_large":["https:\/\/atonball.org\/wp-content\/uploads\/2023\/04\/2-atonball-logo2-m2.png",534,490,false],"large":["https:\/\/atonball.org\/wp-content\/uploads\/2023\/04\/2-atonball-logo2-m2.png",534,490,false],"post-slider-thumb-size":["https:\/\/atonball.org\/wp-content\/uploads\/2023\/04\/2-atonball-logo2-m2-330x190.png",330,190,true],"1536x1536":["https:\/\/atonball.org\/wp-content\/uploads\/2023\/04\/2-atonball-logo2-m2.png",534,490,false],"2048x2048":["https:\/\/atonball.org\/wp-content\/uploads\/2023\/04\/2-atonball-logo2-m2.png",534,490,false],"post-thumbnail":["https:\/\/atonball.org\/wp-content\/uploads\/2023\/04\/2-atonball-logo2-m2.png",534,490,false],"tzwb-thumbnail":["https:\/\/atonball.org\/wp-content\/uploads\/2023\/04\/2-atonball-logo2-m2.png",80,73,false]},"uagb_author_info":{"display_name":"Concepteur","author_link":"https:\/\/atonball.org\/index.php\/author\/moclaimg14gmail-com\/"},"uagb_comment_info":0,"uagb_excerpt":"L\u2019atonball, un sport qui se pratique entre deux \u00e9quipes de huit joueurs ou treize joueurs par \u00e9quipe\u00a0: De trois cat\u00e9gories de joueurs dans une \u00e9quipe : les joueurs W, les joueurs C et le joueur aux couleurs d\u2019\u00e9quipements distinctes De trois joueurs de r\u00f4le unique\u00a0: le campeur, le lanceur et le m\u00e9tronome, r\u00f4le ouvert \u00e0&hellip;","_links":{"self":[{"href":"https:\/\/atonball.org\/index.php\/wp-json\/wp\/v2\/pages\/27","targetHints":{"allow":["GET"]}}],"collection":[{"href":"https:\/\/atonball.org\/index.php\/wp-json\/wp\/v2\/pages"}],"about":[{"href":"https:\/\/atonball.org\/index.php\/wp-json\/wp\/v2\/types\/page"}],"author":[{"embeddable":true,"href":"https:\/\/atonball.org\/index.php\/wp-json\/wp\/v2\/users\/1"}],"replies":[{"embeddable":true,"href":"https:\/\/atonball.org\/index.php\/wp-json\/wp\/v2\/comments?post=27"}],"version-history":[{"count":19,"href":"https:\/\/atonball.org\/index.php\/wp-json\/wp\/v2\/pages\/27\/revisions"}],"predecessor-version":[{"id":478,"href":"https:\/\/atonball.org\/index.php\/wp-json\/wp\/v2\/pages\/27\/revisions\/478"}],"wp:featuredmedia":[{"embeddable":true,"href":"https:\/\/atonball.org\/index.php\/wp-json\/wp\/v2\/media\/39"}],"wp:attachment":[{"href":"https:\/\/atonball.org\/index.php\/wp-json\/wp\/v2\/media?parent=27"}],"curies":[{"name":"wp","href":"https:\/\/api.w.org\/{rel}","templated":true}]}}